4*t**3 - 35*t**2 + 30*t**2 + 3*t**3 + 11. List the prime factors of h(r).
2, 3, 19
Suppose 14*y - 220 = 12*y. Let z be 1/3 + y/30. Suppose 5*j + n = -0*n + 345, 0 = z*n - 20. What are the prime factors of j?
2, 17
Let t(v) = 1204*v - 2808. What are the prime factors of t(14)?
2, 439
Let r = 239 - 236. Suppose 3*q - 2*c - 77 = 75, -r*c = -q + 46. What are the prime factors of q?
2, 13
Suppose 6*j - 3*a = 3*j - 2298, j + 763 = 4*a. Let u = -119 - j. What are the prime factors of u?
2, 3
What are the prime factors of (31 - 30)*(-2722)/(-2)?
1361
Suppose 4*g - 6 = 30. Let y be (129/g + -1)*(-36)/(-15). Let p = y + -5. What are the prime factors of p?
3
Let k = 46846 + -14086. List the prime factors of k.
2, 3, 5, 7, 13
Suppose -30*w + 35*w = 10. Suppose w*p - 2691 = -5*j, p + 9 = 4*p. List the prime factors of j.
3, 179
Let b(h) = 6*h - 10. Suppose 9*j = 10*j + 3. Let d(t) = -5*t + 10. Let r(p) = j*b(p) - 4*d(p). List the prime factors of r(8).
2, 3
Suppose z + 3*c - 10704 = 0, 0*z + 4*z - 2*c = 42830. List the prime factors of z.
3, 43, 83
Let k be -5 + ((-2)/4 - (-36)/8). List the prime factors of (4466/(-231))/((0 + k)/3).
2, 29
Suppose -134*f - 12415200 = -470*f. List the prime factors of f.
2, 5, 739
Suppose -v + 491 = 15. Suppose -32*d + 7551 = 223. Let r = v - d. List the prime factors of r.
13, 19
Let t(y) = 7*y**2 - 5*y + 3. Let p be t(1). Let d(s) = s**3 - 5*s**2 - 5*s + 2. Let j be d(p). Let k = 52 - j. List the prime factors of k.
3, 5
Suppose -18547 = -28*p + 150181. What are the prime factors of p?
2, 23, 131
Suppose 0 = 122*p - 116*p - 54198. List the prime factors of p.
3, 3011
Suppose 2*k + 5*a - 1452 = 0, 0 = 8*a - 4*a. Let y = k - 1156. What are the prime factors of 6/((-875)/y + -2)?
2, 43
Suppose 3*z = -3*r + 120348, 2*r + 25927 = 3*z + 106189. What are the prime factors of r?
2, 3, 743
Suppose -46*w = -41*w + 2*g - 17962, 3*w - g = 10786. What are the prime factors of w?
2, 3, 599
Let l = -32 - 62. Let v(z) = 2*z**2 + 10*z - 10. Let b be v(7). Let q = b + l. List the prime factors of q.
2
Let v be ((-68)/10)/((9/(-30))/3). Let d = 194 - v. What are the prime factors of d?
2, 3, 7
Suppose 0 = 13*j - 75 - 601. Suppose j*p - 65*p = -9425. What are the prime factors of p?
5, 29
List the prime factors of (-12 + -57)/((-11)/(88/12)).
2, 23
Let z = 67 - 42. Suppose -z*b + 8*b = -7837. List the prime factors of b.
461
Suppose -66*z = -36*z - 50760. List the prime factors of z.
2, 3, 47
Let o = 3162 + -1366. Suppose 2*r + 2*c = 4340, -o - 359 = -r - 4*c. Suppose -23*d + 8*d = -r. What are the prime factors of d?
5, 29
Let u(l) = 6*l**2 + 7 + 101*l**3 + 9*l**2 + 2*l - 18*l**2. List the prime factors of u(2).
3, 269
Let t = -428 - -461. What are the prime factors of 11/t - (-3435)/9?
2, 191
Let f = 13512 + -12398. What are the prime factors of f?
2, 557
What are the prime factors of 36720 + -2 - 0/(7 + 29)?
2, 11, 1669
List the prime factors of -61498*((126/(-12) - 1) + 11).
97, 317
Let q(z) = 9*z**2 - 12*z + 11. Let u be q(1). List the prime factors of ((-6)/u)/(63/(-30828)).
367
Suppose 23*n - 9566 = -4*j + 25*n, 4*j - 9571 = n. List the prime factors of j.
2, 3, 7, 19
Let u(y) = -y**2 - 62*y - 839. What are the prime factors of u(-37)?
2, 43
Let x(k) = 5846*k + 2036. What are the prime factors of x(6)?
2, 4639
Let l be (-2 - -2)*4/(-4). Let m = 2 + l. List the prime factors of (m - 0)/(2/63).
3, 7
Let l be ((-9)/(-6))/(3/764). Suppose -1128 = 64*d - 58*d. Let i = l + d. List the prime factors of i.
2, 97
Let p(m) = 3*m + 12. Let s be p(-4). Suppose s = -4*q + 3*q - 5. What are the prime factors of 3 + q - (-42)/2?
19
Let h = -822 - -648. Let f = 401 + h. What are the prime factors of f?
227
List the prime factors of (-1907927)/(-102) - (-4 + 20/(-24) - -5).
3, 5, 29, 43
Let g(v) = -5*v - 146. Let s(h) = -5*h - 143. Let a(x) = 7*g(x) - 6*s(x). List the prime factors of a(-40).
2, 3
What are the prime factors of (-68086)/(-12) - 5 - (-45)/(-54)?
2, 13, 109
Let z(w) = -w**2 - w - 4. Let c(s) = -43*s**2 + 19*s + 99. Let d(g) = -c(g) - 6*z(g). What are the prime factors of d(-5)?
3, 5
Let r(g) = -37*g - 255. Let s be r(-7). Suppose 16*a - 2305 = 12*a + 3*n, -s*n - 1727 = -3*a. What are the prime factors of a?
577
Let x be 2/4*(-7062)/(-8 - -19). Let j = x - -1167. List the prime factors of j.
2, 3, 47
Suppose -26*y + 31*y - 135150 = -2*r, -5*y + 5*r + 135185 = 0. What are the prime factors of y?
2, 31, 109
Let c = -9033 + 14380. What are the prime factors of c?
5347
Let n be 14/105 + 91492/60. Suppose 12*s + n = 17*s. Suppose 85 = 6*k - s. List the prime factors of k.
5, 13
Suppose -4*v - 16*v = -7*v. Suppose -3*h - 15 = -2*s, 2*s - 1 = h + 4. Suppose y - 2*u - 21 = s, 0 = 2*y - v*y - 3*u - 47. List the prime factors of y.
31
Let c = -12097 - -22765. List the prime factors of c.
2, 3, 7, 127
Let v(r) = 211*r - 3733. What are the prime factors of v(53)?
2, 5, 149
Suppose -22*i = 14*i - 1991880. List the prime factors of i.
2, 5, 11, 503
Let s(q) = 7*q**3 - 3*q**2 + 8*q + 17. Let x be 2/(-11) + (-340)/(-55). List the prime factors of s(x).
13, 113
Suppose 333*x + 207736 = 356*x. What are the prime factors of x?
2, 1129
Suppose -2*j + 193 = -2*b - 97, 612 = 4*j + 4*b. Let z = j + 280. List the prime factors of z.
3, 11, 13
Let p(b) be the first derivative of -b**3/3 + 33*b**2/2 + 32*b + 47. List the prime factors of p(21).
2, 71
Suppose x - 29433 = -5*x + 25671. What are the prime factors of x?
2, 7, 41
Let a be (48/10)/(3*1/10). Suppose -a*j = 118 - 1350. List the prime factors of j.
7, 11
Suppose -34*p = -158690 - 2742. What are the prime factors of p?
2, 1187
Let x(o) = 275*o**2 + 504*o + 2033. List the prime factors of x(-4).
7, 631
Suppose -5*l = -9*l + 2*u + 31154, 3*l - 23370 = 3*u. List the prime factors of l.
13, 599
Let w = -14353 + 27894. What are the prime factors of w?
11, 1231
Let r = 8010 + 9330. What are the prime factors of r?
2, 3, 5, 17
Let p(n) = -n**2 - 3*n + 241. Let m = -26 + 26. List the prime factors of p(m).
241
Let w(x) = -7*x**2 + 107*x + 1050. Let p be w(22). Let v(t) be the first derivative of 2*t**3/3 - 8*t**2 - 40*t - 1. What are the prime factors of v(p)?
2, 3
Suppose 5*o - 2*o - 15 = 0. Suppose 0 = -k + 5*l - 3, -4*l - 2 = o*k - 16. Suppose k = 2*r + 4, -633 = -3*v - 3*r. List the prime factors of v.
2, 53
Let l be (-6946)/26 + 1*(-2)/(-13). Let h = 683 + l. List the prime factors of h.
2, 13
Let g(t) = 5*t**3 + 19*t**2 + 23*t - 6. Let p(y) = -11*y**3 - 38*y**2 - 47*y + 13. Let o(m) = -13*g(m) - 6*p(m). What are the prime factors of o(20)?
2, 3, 5
Let c be 3 - (-30)/(-6) - (-1 - 3). Let y be 497/c + 1 - 27/(-54). Suppose y = 2*g - r - 3*r, r + 670 = 5*g. List the prime factors of g.
3, 5
Suppose -4*i + j - 4*j - 1215 = 0, 3*j - 1185 = 4*i. Let p = -163 - i. List the prime factors of p.
137
Let g(p) = -4*p**3 - 2*p**2 + 3*p + 4. Let k be -1 - (3 - 4)*4. Suppose 5*x + 5*q = 10, x - 4*q + 14 = k*x. What are the prime factors of g(x)?
5, 17
Let q = -16689 + 18658. List the prime factors of q.
11, 179
Suppose -85*m + 1029677 + 510163 = 446655. What are the prime factors of m?
3, 1429
Let m = -114 - -220. Suppose -10*y + 816 - m = 0. What are the prime factors of y?
71
Suppose s - 4*g = 16, 7*s - 2*s = 4*g + 16. Suppose 93*m - 86*m - 1946 = s. List the prime factors of m.
2, 139
Let d(c) = 2*c**2 - 3*c + 7. Let k be d(-5). Let s = 201 - k. Suppose -w = -4*h - 4*w + 477, -h - 4*w = -s. List the prime factors of h.
3, 13
Suppose 10*g - 5*g = -125. Let v be 5 - 2 - 6 - g. Suppose s - 5*r - 13 = -2, -2*s = -2*r - v. What are the prime factors of s?
11
Let s(d) = 7*d**2 + 6*d + 9. Suppose 4*i - 5*n = 25, 5*i + 2*n - 28 = 28. What are the prime factors of s(i)?
769
Let d be 60/(-25) - ((-9)/(-15) - 1). Let u be 1 + 694 - (-3 - -3 - d). Suppose 31*j = 24*j + u. What are the prime factors of j?
3, 11
Suppose -701*v + 5*k = -703*v + 11201, 6 = -2*k. What are the prime factors of v?
2, 701
Let q = 17130 + -8055. What are the prime factors of q?
3, 5, 11
Suppose 5*h = 1293 - 413. Let i(l) = l**3 + 4*l**2 + 2*l + 7. Let q be i(-6). Let t = h + q. List the prime factors of t.
3, 11
Let j = 865 + 9886. What are the prime factors of j?
13, 827
What are the prime factors of (-273 - (22 + -11))*17*-9?
2, 3, 17, 71
Let z be 1/